{"id":394,"date":"2020-06-20T09:32:16","date_gmt":"2020-06-20T12:32:16","guid":{"rendered":"http:\/\/eniklaus.com\/?page_id=394"},"modified":"2020-06-20T09:46:20","modified_gmt":"2020-06-20T12:46:20","slug":"continuidade-dos-negocios","status":"publish","type":"page","link":"https:\/\/eniklaus.com\/?page_id=394","title":{"rendered":"Continuidade dos Neg\u00f3cios"},"content":{"rendered":"<div data-colibri-id=\"394-c1\" class=\"style-526 style-local-394-c1 position-relative\">\n  <!---->\n  <div data-colibri-component=\"section\" data-colibri-id=\"394-c2\" id=\"overlappable\" class=\"h-section h-section-global-spacing d-flex align-items-lg-center align-items-md-center align-items-center style-534 style-local-394-c2 position-relative\">\n    <!---->\n    <!---->\n    <div class=\"h-section-grid-container h-section-boxed-container\">\n      <!---->\n      <div data-colibri-id=\"394-c3\" class=\"h-row-container gutters-row-lg-0 gutters-row-md-0 gutters-row-2 gutters-row-v-lg-0 gutters-row-v-md-0 gutters-row-v-2 style-535 style-local-394-c3 position-relative\">\n        <!---->\n        <div class=\"h-row justify-content-lg-center justify-content-md-center justify-content-center align-items-lg-stretch align-items-md-stretch align-items-stretch gutters-col-lg-0 gutters-col-md-0 gutters-col-2 gutters-col-v-lg-0 gutters-col-v-md-0 gutters-col-v-2\">\n          <!---->\n          <div class=\"h-column h-column-container d-flex h-col-lg-3 h-col-md-3 h-col-12 style-536-outer style-local-394-c4-outer\">\n            <div data-colibri-id=\"394-c4\" class=\"d-flex h-flex-basis h-column__inner h-px-lg-3 h-px-md-3 h-px-2 v-inner-lg-3 v-inner-md-3 v-inner-2 style-536 style-local-394-c4 position-relative\">\n              <!---->\n              <!---->\n              <div class=\"w-100 h-y-container h-column__content h-column__v-align flex-basis-100 align-self-lg-center align-self-md-center align-self-center\">\n                <!---->\n                <div data-colibri-id=\"394-c5\" class=\"h-icon style-537 style-local-394-c5 position-relative h-element\">\n                  <!----><span class=\"h-svg-icon h-icon__icon style-537-icon style-local-394-c5-icon\"><!--Icon by Font Awesome (https:\/\/fontawesome.com)--><svg version=\"1.1\" xmlns=\"http:\/\/www.w3.org\/2000\/svg\" xmlns:xlink=\"http:\/\/www.w3.org\/1999\/xlink\" id=\"search\" viewBox=\"0 0 1672.2646 1896.0833\"><path d=\"M1152 832q0-185-131.5-316.5T704 384 387.5 515.5 256 832t131.5 316.5T704 1280t316.5-131.5T1152 832zm512 832q0 52-38 90t-90 38q-54 0-90-38l-343-342q-179 124-399 124-143 0-273.5-55.5t-225-150-150-225T0 832t55.5-273.5 150-225 225-150T704 128t273.5 55.5 225 150 150 225T1408 832q0 220-124 399l343 343q37 37 37 90z\"><\/path><\/svg><\/span><\/div>\n                <div\n                  data-colibri-id=\"394-c6\" class=\"h-global-transition-all h-heading style-538 style-local-394-c6 position-relative h-element\">\n                  <!---->\n                  <div class=\"h-heading__outer style-538 style-local-394-c6\">\n                    <!---->\n                    <!---->\n                    <h5 class=\"\">An\u00e1lise do seu ambiente&nbsp;<\/h5>\n                  <\/div>\n              <\/div>\n              <div data-colibri-id=\"394-c7\" class=\"h-text h-text-component style-539 style-local-394-c7 position-relative h-element\">\n                <!---->\n                <!---->\n                <div class=\"\">\n                  <p>Atrav\u00e9s da an\u00e1lise do seu ambiente de TI podemos planejar as melhores solu\u00e7\u00f5es, entendendo a necessidade do seu neg\u00f3cio e implantando uma solu\u00e7\u00e3o adequada<\/p>\n                <\/div>\n              <\/div>\n            <\/div>\n          <\/div>\n        <\/div>\n        <div class=\"h-column h-column-container d-flex h-col-lg-3 h-col-md-3 h-col-12 style-536-outer style-local-394-c8-outer\">\n          <div data-colibri-id=\"394-c8\" class=\"d-flex h-flex-basis h-column__inner h-px-lg-3 h-px-md-3 h-px-2 v-inner-lg-3 v-inner-md-3 v-inner-2 style-536 style-local-394-c8 position-relative\">\n            <!---->\n            <!---->\n            <div class=\"w-100 h-y-container h-column__content h-column__v-align flex-basis-100 align-self-lg-center align-self-md-center align-self-center\">\n              <!---->\n              <div data-colibri-id=\"394-c9\" class=\"h-icon style-537 style-local-394-c9 position-relative h-element\">\n                <!----><span class=\"h-svg-icon h-icon__icon style-537-icon style-local-394-c9-icon\"><!--Icon by Font Awesome (https:\/\/fontawesome.com)--><svg version=\"1.1\" xmlns=\"http:\/\/www.w3.org\/2000\/svg\" xmlns:xlink=\"http:\/\/www.w3.org\/1999\/xlink\" id=\"signal\" viewBox=\"0 0 1792 1896.0833\"><path d=\"M256 1440v192q0 14-9 23t-23 9H32q-14 0-23-9t-9-23v-192q0-14 9-23t23-9h192q14 0 23 9t9 23zm384-128v320q0 14-9 23t-23 9H416q-14 0-23-9t-9-23v-320q0-14 9-23t23-9h192q14 0 23 9t9 23zm384-256v576q0 14-9 23t-23 9H800q-14 0-23-9t-9-23v-576q0-14 9-23t23-9h192q14 0 23 9t9 23zm384-384v960q0 14-9 23t-23 9h-192q-14 0-23-9t-9-23V672q0-14 9-23t23-9h192q14 0 23 9t9 23zm384-512v1472q0 14-9 23t-23 9h-192q-14 0-23-9t-9-23V160q0-14 9-23t23-9h192q14 0 23 9t9 23z\"><\/path><\/svg><\/span><\/div>\n              <div\n                data-colibri-id=\"394-c10\" class=\"h-global-transition-all h-heading style-538 style-local-394-c10 position-relative h-element\">\n                <!---->\n                <div class=\"h-heading__outer style-538 style-local-394-c10\">\n                  <!---->\n                  <!---->\n                  <h5 class=\"\">Monitoramento<\/h5>\n                <\/div>\n            <\/div>\n            <div data-colibri-id=\"394-c11\" class=\"h-text h-text-component style-539 style-local-394-c11 position-relative h-element\">\n              <!---->\n              <!---->\n              <div class=\"\">\n                <p>A adi\u00e7\u00e3o de m\u00e9tricas nos permite medir e detectar falhas em seus ambientes, monitorando o mesmo a fim de detectar o problemas antes que cause impactos<\/p>\n              <\/div>\n            <\/div>\n          <\/div>\n        <\/div>\n      <\/div>\n      <div class=\"h-column h-column-container d-flex h-col-lg-3 h-col-md-3 h-col-12 style-536-outer style-local-394-c12-outer\">\n        <div data-colibri-id=\"394-c12\" class=\"d-flex h-flex-basis h-column__inner h-px-lg-3 h-px-md-3 h-px-2 v-inner-lg-3 v-inner-md-3 v-inner-2 style-536 style-local-394-c12 position-relative\">\n          <!---->\n          <!---->\n          <div class=\"w-100 h-y-container h-column__content h-column__v-align flex-basis-100 align-self-lg-center align-self-md-center align-self-center\">\n            <!---->\n            <div data-colibri-id=\"394-c13\" class=\"h-icon style-537 style-local-394-c13 position-relative h-element\">\n              <!----><span class=\"h-svg-icon h-icon__icon style-537-icon style-local-394-c13-icon\"><!--Icon by Icons8 Line Awesome (https:\/\/icons8.com\/line-awesome)--><svg version=\"1.1\" xmlns=\"http:\/\/www.w3.org\/2000\/svg\" xmlns:xlink=\"http:\/\/www.w3.org\/1999\/xlink\" id=\"cubes\" viewBox=\"0 0 512 545.5\"><path d=\"M256 96l6 2.5 96 38.5 10 4v107.5l86.5 37.5 9.5 4.5v129l-8 5-96 53.5-7.5 4-7.5-3.5-89-44.5-89 44.5-7.5 3.5-7.5-4-96-53.5-8-5v-129l9.5-4.5 86.5-37.5V141l10-4 96-38.5zm0 35l-52.5 20.5L256 172l52.5-20.5zm-80 44v74l64 28.5v-78zm160 0l-64 24.5v78l64-28.5v-74zM160 277l-58 25 58 29 58-28.5zm192 0l-40 17.5-18 8 58 28.5 58-29zM80 326.5V401l64 36v-78.5zm352 0l-64 32V437l64-36v-74.5zm-192 1l-64 31V438l64-32v-78.5zm32 0V406l64 32v-79.5z\"><\/path><\/svg><\/span><\/div>\n            <div\n              data-colibri-id=\"394-c14\" class=\"h-global-transition-all h-heading style-538 style-local-394-c14 position-relative h-element\">\n              <!---->\n              <div class=\"h-heading__outer style-538 style-local-394-c14\">\n                <!---->\n                <!---->\n                <h5 class=\"\">Implanta\u00e7\u00e3o Modular<\/h5>\n              <\/div>\n          <\/div>\n          <div data-colibri-id=\"394-c15\" class=\"h-text h-text-component style-539 style-local-394-c15 position-relative h-element\">\n            <!---->\n            <!---->\n            <div class=\"\">\n              <p>Transforma\u00e7\u00e3o Digital \u00e9 um processo delicado e n\u00e3o precisa ser feito tudo de uma vez, pode-se atacar primeiro os pontos cr\u00edticos e modularmente ir preparando a empresa.<\/p>\n            <\/div>\n          <\/div>\n        <\/div>\n      <\/div>\n    <\/div>\n    <div class=\"h-column h-column-container d-flex h-col-lg-3 h-col-md-3 h-col-12 style-540-outer style-local-394-c16-outer\">\n      <div data-colibri-id=\"394-c16\" class=\"d-flex h-flex-basis h-column__inner h-px-lg-3 h-px-md-3 h-px-2 v-inner-lg-3 v-inner-md-3 v-inner-2 style-540 style-local-394-c16 position-relative\">\n        <!---->\n        <!---->\n        <div class=\"w-100 h-y-container h-column__content h-column__v-align flex-basis-100 align-self-lg-center align-self-md-center align-self-center\">\n          <!---->\n          <div data-colibri-id=\"394-c17\" class=\"h-icon style-537 style-local-394-c17 position-relative h-element\">\n            <!----><span class=\"h-svg-icon h-icon__icon style-537-icon style-local-394-c17-icon\"><!--Icon by Font Awesome (https:\/\/fontawesome.com)--><svg version=\"1.1\" xmlns=\"http:\/\/www.w3.org\/2000\/svg\" xmlns:xlink=\"http:\/\/www.w3.org\/1999\/xlink\" id=\"cogs\" viewBox=\"0 0 1920 1896.0833\"><path d=\"M896 896q0-106-75-181t-181-75-181 75-75 181 75 181 181 75 181-75 75-181zm768 512q0-52-38-90t-90-38-90 38-38 90q0 53 37.5 90.5t90.5 37.5 90.5-37.5 37.5-90.5zm0-1024q0-52-38-90t-90-38-90 38-38 90q0 53 37.5 90.5T1536 512t90.5-37.5T1664 384zm-384 421v185q0 10-7 19.5t-16 10.5l-155 24q-11 35-32 76 34 48 90 115 7 11 7 20 0 12-7 19-23 30-82.5 89.5T999 1423q-11 0-21-7l-115-90q-37 19-77 31-11 108-23 155-7 24-30 24H547q-11 0-20-7.5t-10-17.5l-23-153q-34-10-75-31l-118 89q-7 7-20 7-11 0-21-8-144-133-144-160 0-9 7-19 10-14 41-53t47-61q-23-44-35-82l-152-24q-10-1-17-9.5T0 987V802q0-10 7-19.5T23 772l155-24q11-35 32-76-34-48-90-115-7-11-7-20 0-12 7-20 22-30 82-89t79-59q11 0 21 7l115 90q34-18 77-32 11-108 23-154 7-24 30-24h186q11 0 20 7.5t10 17.5l23 153q34 10 75 31l118-89q8-7 20-7 11 0 21 8 144 133 144 160 0 8-7 19-12 16-42 54t-45 60q23 48 34 82l152 23q10 2 17 10.5t7 19.5zm640 533v140q0 16-149 31-12 27-30 52 51 113 51 138 0 4-4 7-122 71-124 71-8 0-46-47t-52-68q-20 2-30 2t-30-2q-14 21-52 68t-46 47q-2 0-124-71-4-3-4-7 0-25 51-138-18-25-30-52-149-15-149-31v-140q0-16 149-31 13-29 30-52-51-113-51-138 0-4 4-7 4-2 35-20t59-34 30-16q8 0 46 46.5t52 67.5q20-2 30-2t30 2q51-71 92-112l6-2q4 0 124 70 4 3 4 7 0 25-51 138 17 23 30 52 149 15 149 31zm0-1024v140q0 16-149 31-12 27-30 52 51 113 51 138 0 4-4 7-122 71-124 71-8 0-46-47t-52-68q-20 2-30 2t-30-2q-14 21-52 68t-46 47q-2 0-124-71-4-3-4-7 0-25 51-138-18-25-30-52-149-15-149-31V314q0-16 149-31 13-29 30-52-51-113-51-138 0-4 4-7 4-2 35-20t59-34 30-16q8 0 46 46.5t52 67.5q20-2 30-2t30 2q51-71 92-112l6-2q4 0 124 70 4 3 4 7 0 25-51 138 17 23 30 52 149 15 149 31z\"><\/path><\/svg><\/span><\/div>\n          <div\n            data-colibri-id=\"394-c18\" class=\"h-global-transition-all h-heading style-538 style-local-394-c18 position-relative h-element\">\n            <!---->\n            <div class=\"h-heading__outer style-538 style-local-394-c18\">\n              <!---->\n              <!---->\n              <h5 class=\"\">Integra\u00e7\u00e3o<\/h5>\n            <\/div>\n        <\/div>\n        <div data-colibri-id=\"394-c19\" class=\"h-text h-text-component style-539 style-local-394-c19 position-relative h-element\">\n          <!---->\n          <!---->\n          <div class=\"\">\n            <p><span style=\"color: rgb(70, 112, 127); font-family: &quot;Open Sans&quot;; font-size: 16px; font-weight: 400;\">A principal diferen\u00e7a para o seu neg\u00f3cio est\u00e1 na capacidade de integrar diversas solu\u00e7\u00f5es de maneira inteligente, proporcionando economia e versatilidade.<\/span><\/p>\n          <\/div>\n        <\/div>\n      <\/div>\n    <\/div>\n  <\/div>\n<\/div>\n<\/div>\n<\/div>\n<\/div>\n<div data-colibri-component=\"section\" data-colibri-id=\"394-c20\" id=\"custom\" class=\"h-section h-section-global-spacing d-flex align-items-lg-center align-items-md-center align-items-center style-527 style-local-394-c20 position-relative\">\n  <!---->\n  <!---->\n  <div class=\"h-section-grid-container h-section-boxed-container\">\n    <!---->\n    <div data-colibri-id=\"394-c21\" class=\"h-row-container gutters-row-lg-2 gutters-row-md-2 gutters-row-0 gutters-row-v-lg-2 gutters-row-v-md-2 gutters-row-v-2 style-530 style-local-394-c21 position-relative\">\n      <!---->\n      <div class=\"h-row justify-content-lg-center justify-content-md-center justify-content-center align-items-lg-stretch align-items-md-stretch align-items-stretch gutters-col-lg-2 gutters-col-md-2 gutters-col-0 gutters-col-v-lg-2 gutters-col-v-md-2 gutters-col-v-2\">\n        <!---->\n        <div class=\"h-column h-column-container d-flex h-col-lg-auto h-col-md-auto h-col-auto style-531-outer style-local-394-c22-outer\">\n          <div data-colibri-id=\"394-c22\" class=\"d-flex h-flex-basis h-column__inner h-px-lg-2 h-px-md-2 h-px-2 v-inner-lg-2 v-inner-md-2 v-inner-2 style-531 style-local-394-c22 position-relative\">\n            <!---->\n            <!---->\n            <div class=\"w-100 h-y-container h-column__content h-column__v-align flex-basis-100 align-self-lg-start align-self-md-start align-self-start\">\n              <!---->\n              <div data-colibri-id=\"394-c23\" class=\"h-text h-text-component style-532 style-local-394-c23 position-relative h-element\">\n                <!---->\n                <!---->\n                <div class=\"\">\n                  <p>Neste cen\u00e1rio de pandemia causada pelo COVID-19 muitas empresas precisaram se reinventar, a transforma\u00e7\u00e3o digital que j\u00e1 era uma tend\u00eancia se transformou em necessidade e agora \u00e9 preciso rapidamente se organizar para continuar ativo\n                    no mercado. Muito al\u00e9m das tecnologias envolvidas, a continuidade dos neg\u00f3cios necessita de uma revis\u00e3o completa e de uma an\u00e1lise completa das estrat\u00e9gias, avalia\u00e7\u00e3o e desenvolvimento de novas abordagens, teste e implanta\u00e7\u00e3o de planos\n                    que sejam aderentes \u00e0 l\u00f3gica do seu neg\u00f3cio e que estejam adequados n\u00e3o apenas \u00e0 empresa, mas tamb\u00e9m \u00e0s pessoas e processos.<\/p>\n                  <p>Pensando nisto, a eNiklaus conta com expertise em garantia de continuidade dos neg\u00f3cios, com experi\u00eancia em&nbsp;<span style=\"font-weight: 400; font-size: 18px; font-family: &quot;Merriweather Sans&quot;, sans-serif; color: rgb(69, 68, 68);\">GCN ou BCM (Business Continuity Management)&nbsp;<\/span>\n                    <span\n                      style=\"font-weight: 400; font-size: 16px; font-family: &quot;Open Sans&quot;; color: rgb(37, 41, 42);\">e pode ajudar voc\u00ea a desenhar o melhor plano!<\/span>\n                  <\/p>\n                <\/div>\n              <\/div>\n            <\/div>\n          <\/div>\n        <\/div>\n      <\/div>\n    <\/div>\n    <div data-colibri-id=\"394-c24\" class=\"h-row-container gutters-row-lg-2 gutters-row-md-2 gutters-row-0 gutters-row-v-lg-2 gutters-row-v-md-2 gutters-row-v-2 style-528 style-local-394-c24 position-relative\">\n      <!---->\n      <div class=\"h-row justify-content-lg-center justify-content-md-center justify-content-center align-items-lg-stretch align-items-md-stretch align-items-stretch gutters-col-lg-2 gutters-col-md-2 gutters-col-0 gutters-col-v-lg-2 gutters-col-v-md-2 gutters-col-v-2\">\n        <!---->\n        <div class=\"h-column h-column-container d-flex h-col-lg-auto h-col-md-auto h-col-auto style-529-outer style-local-394-c25-outer\">\n          <div data-colibri-id=\"394-c25\" class=\"d-flex h-flex-basis h-column__inner h-px-lg-2 h-px-md-2 h-px-2 v-inner-lg-2 v-inner-md-2 v-inner-2 style-529 style-local-394-c25 position-relative\">\n            <!---->\n            <!---->\n            <div class=\"w-100 h-y-container h-column__content h-column__v-align flex-basis-100 align-self-lg-start align-self-md-start align-self-start\">\n              <!---->\n              <div data-colibri-id=\"394-c26\" class=\"d-block style-533 style-local-394-c26 position-relative h-element\">\n                <!---->\n                <div class=\"h-image__frame-container-outer\">\n                  <div class=\"h-image__frame-container\">\n                    <!---->\n                    <!---->\n                    <img decoding=\"async\" width=\"750\" height=\"600\" src=\"http:\/\/eniklaus.com\/wp-content\/uploads\/2020\/04\/cropped-cropped-IoT.png\" class=\"wp-image-400 style-533-image style-local-394-c26-image\" alt=\"\" srcset=\"https:\/\/eniklaus.com\/wp-content\/uploads\/2020\/04\/cropped-cropped-IoT.png 750w, https:\/\/eniklaus.com\/wp-content\/uploads\/2020\/04\/cropped-cropped-IoT-300x240.png 300w\" sizes=\"(max-width: 750px) 100vw, 750px\" \/>\n                    <div class=\"h-image__frame h-hide-lg h-hide-md h-hide-sm style-533-frameImage style-local-394-c26-frameImage\"><\/div>\n                  <\/div>\n                <\/div>\n              <\/div>\n            <\/div>\n          <\/div>\n        <\/div>\n      <\/div>\n    <\/div>\n  <\/div>\n<\/div>\n<\/div>","protected":false},"excerpt":{"rendered":"<p>An\u00e1lise do seu ambiente&nbsp; Atrav\u00e9s da an\u00e1lise do seu ambiente de TI podemos planejar as melhores solu\u00e7\u00f5es, entendendo a necessidade do seu neg\u00f3cio e implantando uma solu\u00e7\u00e3o adequada Monitoramento A adi\u00e7\u00e3o de m\u00e9tricas nos permite medir e detectar falhas em seus ambientes, monitorando o mesmo a fim de detectar o problemas antes que cause impactos [&hellip;]<\/p>\n","protected":false},"author":1,"featured_media":0,"parent":0,"menu_order":0,"comment_status":"closed","ping_status":"closed","template":"page-templates\/full-width-page.php","meta":{"footnotes":""},"class_list":["post-394","page","type-page","status-publish","hentry"],"_links":{"self":[{"href":"https:\/\/eniklaus.com\/index.php?rest_route=\/wp\/v2\/pages\/394","targetHints":{"allow":["GET"]}}],"collection":[{"href":"https:\/\/eniklaus.com\/index.php?rest_route=\/wp\/v2\/pages"}],"about":[{"href":"https:\/\/eniklaus.com\/index.php?rest_route=\/wp\/v2\/types\/page"}],"author":[{"embeddable":true,"href":"https:\/\/eniklaus.com\/index.php?rest_route=\/wp\/v2\/users\/1"}],"replies":[{"embeddable":true,"href":"https:\/\/eniklaus.com\/index.php?rest_route=%2Fwp%2Fv2%2Fcomments&post=394"}],"version-history":[{"count":4,"href":"https:\/\/eniklaus.com\/index.php?rest_route=\/wp\/v2\/pages\/394\/revisions"}],"predecessor-version":[{"id":409,"href":"https:\/\/eniklaus.com\/index.php?rest_route=\/wp\/v2\/pages\/394\/revisions\/409"}],"wp:attachment":[{"href":"https:\/\/eniklaus.com\/index.php?rest_route=%2Fwp%2Fv2%2Fmedia&parent=394"}],"curies":[{"name":"wp","href":"https:\/\/api.w.org\/{rel}","templated":true}]}}